ppose 5*h = y + 20, h - 2*y - 5 = -1. Suppose -2*s - 4*w = -0*w - 12, -3*w = -h*s + 35. Suppose 0 + 20 = r. What is the highest common divisor of r and s?
4
Let d be 1/(3/12*-1). Let q(g) = -3*g + 3. Let i be q(d). Let o be (-3)/6 - (-1359)/18. Calculate the highest common factor of i and o.
15
Let k be (-14)/(-4) + 18/(-12). Let i be (4 + -6)*(-20)/k. What is the highest common divisor of 180 and i?
20
Let p(c) = 182*c - 93. Let b be p(9). Calculate the greatest common divisor of 15 and b.
15
Suppose -16*v + 908 = -1572. Let y = -5 + v. What is the greatest common divisor of y and 30?
30
Suppose -3*r + z + 1 + 9 = 0, -3*r + 4*z + 4 = 0. What is the greatest common factor of r and 3?
1
Let k be -3 + (2 - (0 - 17)). Suppose 189 = 5*m + 2*m. Let w = m - -37. What is the greatest common divisor of k and w?
16
Suppose -5*s = 2*z - 67 + 19, -120 = -5*z - 2*s. Suppose z*u - 27*u = -120. What is the highest common factor of u and 8?
8
Suppose 2*p = 4*n - 3*p - 27, 0 = -n - 2*p - 3. Suppose -3*c - 4*r + 57 = -2*r, -r = n*c - 54. Calculate the highest common factor of 34 and c.
17
Suppose 0 = -4*q - 2*a + 4 + 2, -4*a = 20. Suppose 2*k = -4, k - 2*k + 14 = q*b. Let j = -4 - -8. Calculate the highest common divisor of j and b.
4
Suppose 0*y = 4*y - 480. Let d = y - 69. Suppose 0 = 5*z + 4*a - 49, 0 = 3*z - 3*a - d. Calculate the highest common divisor of 117 and z.
13
Suppose 3*n - 2*a = a + 294, 4*n - 2*a - 402 = 0. Let p be n + 6*(-10)/15. What is the greatest common divisor of 9 and p?
9
Let d(r) = r**3 + 4*r**2 - 47*r - 195. Let t be d(-6). Calculate the highest common divisor of 243 and t.
3
Suppose 3*o - 2*a = o + 14, 5*o + 3*a - 11 = 0. Suppose 5*r + n = 79, -4*r - 2*n = -0*n - 62. Calculate the highest common divisor of o and r.
4
Suppose -5*c + 330 = -10*v + 15*v, -62 = -c + v. What is the greatest common divisor of 224 and c?
32
Suppose n + 6*h = -7, 0*n - 84 = -3*n + 3*h. Let q be 738/4 - (-2)/(-4). What is the highest common factor of n and q?
23
Suppose -10 = 4*b + 6. Let n be 66/b*(-2 - 0). Let z(k) = -2*k - 4. Let w be z(-13). Calculate the greatest common factor of n and w.
11
Suppose -10 = -5*o, 3*g - 3*o - 167 = -o. What is the highest common divisor of 3 and g?
3
Let t = 3114 - 3110. Suppose b = 6 - 4. What is the highest common divisor of t and b?
2
Let c be (-4)/3 + (6 - (-160)/30). Calculate the highest common divisor of c and 17.
1
Let g = -3 - -12. Let s(t) = -t + 12. Let o be s(g). Suppose 7 + 20 = o*j. What is the greatest common divisor of 63 and j?
9
Suppose 4*r - 42 = -q + 3*q, -5*r + q = -54. What is the highest common factor of 143 and r?
11
Let f = 29 - -251. Let z be 10/(-45) + (-326)/(-9) + -1. Calculate the greatest common divisor of z and f.
35
Let h = 1406 - 394. What is the highest common divisor of 92 and h?
92
Let w(v) = -v**3 - 2*v**2 - 4*v - 4. Suppose -3*z - 3*z = 12. Let x be w(z). Calculate the greatest common divisor of 2 and x.
2
Let p(t) = -t**3 + 6*t**2 + t - 4. Let v be p(6). Let n be (3 - 26/4)*-2. Let d = n + -5. What is the greatest common factor of d and v?
2
Let k = -592 - -599. Calculate the highest common factor of k and 203.
7
Suppose 11*f - m = 7*f + 165, 180 = 4*f + 4*m. Calculate the greatest common divisor of 378 and f.
42
Let a = 141 + -132. Calculate the highest common factor of a and 30.
3
Let h = 62 + 380. What is the highest common factor of h and 34?
34
Let f(t) = 2*t**2 + 17*t + 10. Let u be f(-9). What is the greatest common divisor of 76 and u?
19
Let f(j) = -6*j**2 - 5*j - 4. Let m be f(-2). Let v = m + 27. What is the greatest common divisor of v and 108?
9
Let y(z) = 19*z - 2. Let k be y(3). Suppose 0 = -4*f + 72*f - 174 - 166. Calculate the greatest common divisor of f and k.
5
Let w be (-3 + -5)/(0 + -2). Suppose -3 = -w*q + 3*y, -5*q - 4*y = -7*y - 3. Let r be (-4 + q)*5/(-2). Calculate the greatest common factor of r and 90.
10
Let s(u) = -u + 4. Let h be (-363)/(-21) + 2/(-7). Suppose l + 1 = 5*x - 2*x, -3*l = -2*x + h. Let v be s(l). What is the highest common divisor of v and 121?
11
Suppose -2*m = 2*x + 2, 5*m - 4*x - 33 = 7. Calculate the highest common divisor of m and 8.
4
Let o(d) = d**2 + 2*d + 2. Let n be o(0). Suppose -n*z = -4*m + 3*m - 49, -3*m + 123 = 4*z. What is the greatest common divisor of z and 135?
27
Let m = -241 - -293. Calculate the highest common factor of m and 221.
13
Let s = -407 - -494. Calculate the highest common divisor of 3 and s.
3
Let w(n) = -86 + 0*n**2 + n**2 + 87. Let m be 2*-2*(-6)/8. Let g be w(m). Calculate the greatest common divisor of 40 and g.
10
Let a be (-5 - 183/(-15))*(-60)/(-8). Calculate the highest common factor of a and 288.
18
Let r = 951 - 545. What is the highest common factor of r and 28?
14
Let f(z) = -20*z - 949. Let c be f(-52). Calculate the greatest common factor of 7 and c.
7
Suppose -1053*p + 1131 = -1050*p. Calculate the greatest common divisor of 26 and p.
13
Suppose 51 = 7*h + 44. What is the highest common divisor of 1 and h?
1
Let d = 61 - 51. Let t be 158/d - 11/(-55). Calculate the highest common factor of 176 and t.
16
Suppose -q + 4*q = 108. Let z = -90 - -55. Let i be (-10)/z + 82/7. Calculate the greatest common divisor of q and i.
12
Suppose 5*f - 2*f = 5*r + 301, -2*r - 3*f = 112. Let k = 90 + r. Let v = k - 10. What is the highest common factor of v and 3?
3
Let f(v) = -7*v + 5*v + 6 + v - v. Let a be f(2). Suppose 0 = 4*d - 7*d + 5*x + 49, -a*d + 36 = -4*x. What is the greatest common divisor of d and 12?
4
Suppose 2*z = -4*r + 118 + 154, -4*z = -r - 571. What is the highest common factor of 923 and z?
71
Suppose -4*x + 3*z - 35 = 4*z, 5*x + 55 = z. Let b be (348/10)/((-4)/x). Suppose 13 = 5*n - b. What is the highest common factor of n and 50?
10
Let r(h) = -h**3 - 20*h**2 - 22*h - 19. Let i be r(-23). What is the greatest common factor of 34 and i?
34
Let s(v) = -v**2 - 25*v + 22. Let c be s(-24). What is the highest common divisor of 4784 and c?
46
Let w = -1 + 5. Let o be (-3)/(-6) - (-1)/2. Let i be ((-9)/(-5) - o)*5. Calculate the greatest common factor of w and i.
4
Let c(u) = u**3 - 2*u + 79. Let n be c(0). Calculate the greatest common factor of n and 79.
79
Suppose 17*j - 67200 = -15*j. Calculate the greatest common divisor of 75 and j.
75
Suppose 4*l - 456 - 552 = 0. Calculate the highest common factor of 56 and l.
28
Suppose -4 = -b, h - b + 134 = 6*h. Calculate the greatest common factor of 507 and h.
13
Suppose 0*n + 5*n - 595 = 0. Calculate the highest common divisor of 34 and n.
17
Let x(q) = 4*q**2 - 3*q + 3. Let b be x(2). Suppose 16*m = b*m + 48. What is the highest common factor of m and 40?
8
Let j be 12/(-4) - (2 - 2/2). Let o be j*-1*(-8)/12*-39. Calculate the greatest common factor of o and 13.
13
Let g = -5 - -9. Suppose 594 = g*u + 3*p, 107 = u - 4*p - 51. Calculate the greatest common divisor of u and 30.
30
Let s be 1/2*(-48)/(-2). Suppose 27*q - 292 = 194. Calculate the greatest common divisor of q and s.
6
Suppose -3*c + 1 = -254. Suppose 3*b + 3 = 18. Calculate the highest common divisor of c and b.
5
Let z = 69 + -68. Let b be (2/6)/((-2)/(-6)). What is the highest common factor of z and b?
1
Let p = -494 - -499. What is the highest common divisor of p and 65?
5
Suppose 38*k - 56 = 36*k. Let b = k - -159. Calculate the highest common divisor of b and 17.
17
Let s be -3*4/(-6) + 1. Suppose 0 = v + 2 + 4. Let g be v*2*6/(-6). What is the highest common divisor of g and s?
3
Suppose -2697 = -6*p + 687. What is the highest common factor of p and 24?
12
Let l be (-92)/115 + 168/10. What is the highest common factor of l and 4?
4
Let r be 4641/133 + -3 - (-4)/38. Calculate the greatest common divisor of r and 8.
8
Suppose 0 = -150*w + 149*w + 18. Calculate the highest common divisor of w and 198.
18
Suppose z + 2*z = 6. Let n(b) = -5*b**2 - b - 2. Let r be n(z). Let v be ((-14)/(-8))/((-2)/r). What is the greatest common factor of v and 3?
3
Suppose 0*u = 4*u - 40. Let i = -9 + 5. Let v = i + u. What is the greatest common factor of 6 and v?
6
Let m be (-531)/(-27) - (-5)/15. Calculate the greatest common divisor of 35 and m.
5
Let j = 210 + -122. Suppose -4*u + 3*i = u + 8, 2*u - 2*i = -4. Let b be (3 + u)*(-132)/(-24). What is the highest common divisor of b and j?
11